
Let b(m) = -m - 27. What is b(6)?
-33
Let h(a) = 80*a**3 - a**2 - a + 1. Calculate h(-1).
-79
Let y(d) = 15*d**2 - d - 2. Determine y(-1).
14
Let r(y) = -4*y**2 - 38*y - 27. Determine r(-9).
-9
Let o(v) = v**3 - 9*v**2 + 15*v + 8. Give o(6).
-10
Let p(b) = -b**2 + 28. Determine p(4).
12
Let q(l) = l + 6. Give q(-3).
3
Let y(t) = t**3 + 17*t**2 + 15*t - 10. Give y(-16).
6
Let c(d) = d - 24. Determine c(28).
4
Let h(i) = -18*i + 1. Give h(1).
-17
Let m(x) = 7*x - 21. Calculate m(5).
14
Let v(a) = -a**3 + a**2 - 2*a - 11. Calculate v(0).
-11
Let j(q) = 2*q**2 - 12*q - 3. Calculate j(6).
-3
Let n(q) = -q**2 - 32*q - 272. Determine n(-19).
-25
Let m(p) = -p**2 + 48*p + 154. Determine m(51).
1
Let m(q) = -q - 29. Calculate m(20).
-49
Let o(j) = -4*j + 8. Determine o(5).
-12
Let t(k) = k**3 - 3*k**2 + k + 3. Determine t(4).
23
Let j(c) = -7*c. Give j(-1).
7
Let v(g) = 14*g**2 - 11*g + 6. Determine v(2).
40
Let c(q) = q**3 + 15*q**2 + 13*q - 22. Determine c(-14).
-8
Let v(g) = -g**2 + 12*g - 27. Calculate v(10).
-7
Let b(r) = -r**3 + 35*r**2 + 38*r - 77. Give b(36).
-5
Let a(j) = 2*j**2 + 2*j - 4. Calculate a(-3).
8
Let y(h) = -8*h**2 - 32*h + 2. What is y(-3)?
26
Let k(u) = 8*u - 1. Determine k(1).
7
Let a(t) = -t**2 - 2*t + 28. Give a(-7).
-7
Let o(z) = 4*z**2 - 2*z - 2. What is o(3)?
28
Let v(l) = -l**3 + 8*l**2 - 11*l - 8. Calculate v(6).
-2
Let j(k) = -k**3 - 7*k**2 - 6*k - 4. Calculate j(-6).
-4
Let o(w) = 6*w - 29. What is o(4)?
-5
Let y(i) = -10*i + 43. What is y(7)?
-27
Let q(d) = d**3 - 3*d**2 - 6*d - 17. Give q(5).
3
Let a(j) = -j**2 - 3*j + 2. Determine a(4).
-26
Let r(k) = 2*k**3 + 14*k**2 + k. Determine r(-7).
-7
Let h(w) = -w**2 - 6*w - 11. Determine h(-6).
-11
Let o(v) = -2*v**2 + 48*v - 276. Determine o(11).
10
Let u(y) = -y**2 + 7*y + 17. Give u(5).
27
Let q(u) = -24*u**2 + 8*u + 2. What is q(-1)?
-30
Let z(x) = x**2 - 13. Calculate z(-4).
3
Let l(p) = p**2 + p - 7. Determine l(5).
23
Let j(o) = o**3 + o**2 - 9*o - 9. Calculate j(0).
-9
Let b(h) = h**3 - 4*h**2 + 3*h + 5. Give b(4).
17
Let y(f) = -4*f - 1. Calculate y(1).
-5
Let g(y) = -3*y + 46. Give g(15).
1
Let a(y) = y**2 - 18*y - 24. Determine a(20).
16
Let g(w) = -17*w - 2. Determine g(8).
-138
Let p(o) = -o**3 - o**2 + 22*o - 18. What is p(4)?
-10
Let h(s) = s**3 - 6*s**2 + 8*s + 7. What is h(4)?
7
Let l(z) = 2*z**3 + 10*z**2 - z. What is l(-5)?
5
Let m(d) = -2*d**3 + 6*d**2 - 3*d - 1. Calculate m(3).
-10
Let t(m) = -3*m + 33. Calculate t(14).
-9
Let y(v) = v**3 + 6*v**2 + 3*v + 1. What is y(-4)?
21
Let d(a) = -a**3 + 15*a**2 + 36*a - 40. Give d(17).
-6
Let f(u) = -5*u. Calculate f(5).
-25
Let i(d) = 10*d + 1. Give i(3).
31
Let a(i) = -i**3 - 11*i**2 - 8*i + 1. Give a(-10).
-19
Let u(n) = -2*n**2 + 4*n - 2. Give u(3).
-8
Let q(f) = 3*f**2 + 2. Give q(2).
14
Let d(h) = -h - 20. Calculate d(-13).
-7
Let n(v) = 8*v**2 + 57*v + 8. Give n(-7).
1
Let q(k) = k**2 - 7*k - 16. What is q(-2)?
2
Let j(k) = 3*k**2 - 96*k - 4. Determine j(32).
-4
Let r(t) = -t**3 + 11*t**2 + 11*t + 19. Calculate r(12).
7
Let r(y) = 2*y**2 + 15*y - 6. Give r(-8).
2
Let v(x) = 5*x**2 + 35*x + 33. What is v(-5)?
-17
Let j(s) = -s**2 - 3*s + 34. Calculate j(-9).
-20
Let g(t) = 9*t + 190. What is g(-22)?
-8
Let y(w) = 3*w - 16. Determine y(6).
2
Let a(b) = b**3 - 7*b**2 - b - 1. What is a(7)?
-8
Let y(v) = -v**3 - 12*v**2 - 9*v + 14. Give y(-11).
-8
Let a(i) = i + 14. Calculate a(6).
20
Let p(k) = -k**3 - 9*k**2 + 9*k - 5. Give p(-10).
5
Let i(w) = -w**2 - 7*w - 5. What is i(5)?
-65
Let l(q) = q**3 - 12*q**2 + 9*q + 14. Calculate l(11).
-8
Let t(w) = -w**2 + 17*w - 20. Determine t(16).
-4
Let o(q) = -q**2 + 2*q + 2. What is o(0)?
2
Let p(u) = -3*u**2. What is p(-2)?
-12
Let l(h) = -4*h + 8. Give l(3).
-4
Let w(g) = -g**3 - 3*g**2 - 3*g - 4. What is w(-3)?
5
Let j(o) = -o**3 - 2*o**2 + 13*o - 5. Give j(-5).
5
Let v(i) = -8*i - 51. What is v(-6)?
-3
Let w(f) = 3*f**3 - 5*f**2 + 3*f + 1. Calculate w(3).
46
Let z(v) = -7*v. Determine z(-1).
7
Let c(p) = -36*p**3 + 2*p**2 + p - 2. Determine c(1).
-35
Let i(p) = -p**2 + 4*p. Give i(4).
0
Let b(n) = n - 13. Calculate b(13).
0
Let n(m) = m**2 + 8*m + 5. Give n(-9).
14
Let n(h) = h**2 - 9*h - 6. Give n(8).
-14
Let u(m) = -10*m**3 - 2*m - 1. Determine u(-1).
11
Let p(c) = c**2 + 10*c + 16. Calculate p(-6).
-8
Let d(p) = -p**2 + 9*p - 5. Determine d(9).
-5
Let g(q) = -q**3 - 9*q**2 - 16*q + 11. Give g(-6).
-1
Let f(q) = -q**2 - 6*q - 19. Give f(-8).
-35
Let b(f) = -5*f + 36. What is b(14)?
-34
Let w(q) = 3*q - 52. Give w(20).
8
Let k(y) = y**2 + 3*y - 2. What is k(-3)?
-2
Let p(g) = -g**3 - 5*g**2 - 7*g - 5. Calculate p(-2).
-3
Let q(u) = u**3 + 2*u**2 - 4*u + 2. Give q(-3).
5
Let n(m) = -57*m**2 - 2*m. Give n(1).
-59
Let y(g) = -2*g**2 - 14*g - 37. What is y(-7)?
-37
Let r(l) = -2*l + 4. Calculate r(3).
-2
Let d(v) = -4*v**2 - 222*v - 108. Calculate d(-55).
2
Let d(r) = -11*r - 2. Give d(-6).
64
Let d(o) = -o**2 + 8*o - 7. What is d(6)?
5
Let n(i) = i**2 - 29*i + 45. What is n(27)?
-9
Let r(b) = b**3 - 19*b**2 - b + 3. Give r(19).
-16
Let v(n) = 4*n**2 + 7*n + 9. What is v(-5)?
74
Let p(k) = 5*k + 16. Determine p(1).
21
Let i(n) = -35*n**2 - 315*n + 1. Give i(-9).
1
Let v(o) = 12*o + 17. Give v(-2).
-7
Let p(w) = -w**2 - 10*w + 51. Determine p(0).
51
Let p(m) = m**3 - 16*m**2 - 15*m - 51. Calculate p(17).
-17
Let b(m) = m**3 + m - 3. Determine b(0).
-3
Let k(a) = a**3 + 7*a**2 + 2*a - 5. Determine k(-6).
19
Let p(z) = -7*z**2 + z - 2. What is p(1)?
-8
Let o(l) = -2*l - 80. Give o(-12).
-56
Let c(p) = p**3 - p**2 + 2*p + 3. Determine c(-1).
-1
Let m(j) = -3*j**2 + 9*j - 3. Determine m(3).
-3
Let z(d) = d**3 + 4*d**2 - 4*d - 2. What is z(-3)?
19
Let o(u) = 9*u - 65. Determine o(8).
7
Let z(w) = w**2 - 19*w + 39. Give z(18).
21
Let u(k) = 2*k - 13. Determine u(15).
17
Let a(t) = t**3 - 46*t**2 + 4*t - 141. Determine a(46).
43
Let g(y) = -4*y**2 - 70*y - 39. Give g(-17).
-5
Let r(z) = 31*z + 111. Calculate r(-4).
-13
Let t(o) = -3*o + 10. Give t(3).
1
Let t(v) = 2*v + 42. What is t(-24)?
-6
Let u(s) = -2*s + 2. Calculate u(4).
-6
Let m(r) = 3*r**2 + 7*r + 3. Give m(-3).
9
Let m(f) = 2*f**2 - 10*f + 3. Give m(7).
31
Let l(c) = -c**3 - 26*c**2 - 27*c - 48. What is l(-25)?
2
Let h(z) = -28*z**2 - 3*z - 2. Calculate h(-1).
-27
Let x(b) = -8*b + 53. Give x(8).
-11
Let r(k) = k**3 - 6*k**2 - 9*k + 7. Calculate r(7).
-7
Let q(x) = -x**3 - 20*x**2 + 123*x - 52. What is q(-25)?
-2
Let w(i) = -4*i**3 - 3*i**2 - 3*i - 3. What is w(-2)?
23
Let p(x) = -2*x**2 + 27*x + 45. What is p(15)?
0
Let j(k) = k**3 + 5*k**2 + 8*k + 13. What is j(-5)?
-27
Let p(g) = 6*g + 10. Determine p(-3).
-8
Let x(d) = 18*d - 65. Determine x(3).
-11
Let y(p) = -p**3 - 4*p**2 - 2*p + 2. Give y(-2).
-2
Let v(r) = -2*r**3 - 11*r**2 + 12*r + 20. Give v(-6).
-16
Let w(y) = -2*y + 9. Determine w(7).
-5
Let p(f) = -3*f**2 + 5*f + 26. What is p(6)?
-52
Let u(k) = -2*k**3 + 2*k - 4. Determine u(-2).
8
Let x(h) = h**3 + 2*h**2 - 18*h + 7. Give x(3).
-2
Let i(c) = -c**3 - 10*c**2 - c - 21. What is i(-10)?
-11
Let m(l) = -39*l**3 + l. Determine m(-1).
38
Let k(a) = 7*a + 44. Give k(-8).
-12
Let c(f) = -f**3 + 7*f**2 - 19*f + 32. What is c(4)?
4
Let q(a) = 13*a - 5. Calculate q(3).
34
Let w(l) = -3*l**2 + 7*l - 4. What is w(2)?
-2
Let v(y) = y**3 - 11*y**2 + 10*y + 11. Calculate v(10).
11
Let p(z) = z**2 - 11*z - 12. Calculate p(12).
0
Let r(p) = 12*p - 120. Give r(12).
24
Let g(v) = -4*v**3 - 3*v**2 + 5*v + 11. Determine g(-2).
21
Let q(z) = -z**3 + 26*z**2 + 272*z - 11. Calculate q(34).
-11
Let v(k) = -4*k - 6. What is v(-4)?
10
Let a(j) = -4*j**2 + 26*j + 7. Calculate a(7).
-7
Let x(g) = g**3 + 2*g**2 + g - 7. Determine x(-3).
-19
Let b(w) = w**2 - 20*w + 115. What is b(11)?
16
Let b(k) = k**3 - k**2 - k + 1. What is b(-2)?
-9
Let c(f) = f**3 - 13*f**2 + 42*f - 6. Calculate c(7).
-6
Let h(q) = -q**2 - 28*q - 124. Determine h(-22).
8
Let t(d) = d**2 - 19*d + 35. Give t(17).
1
Let m(d) = d**3 + 9*d**2 + 11*d + 5. What is m(-7)?
26
Let s(p) = -p**3 + 5*p**2. Give s(5).
0
Let z(i) = i**2 + 33*i + 205. Give z(-25).
5
Let p(l) = 5*l + 86. Give p(-12).
26
Let u(w) = 12*w + 42. Determine u(-1).
30
Let h(t) = 4*t + 42. Give h(-10).
2
Let c(p) = 5*p - 12. Give c(6).
18
Let o(r) = -29*r + 111. Calculate o(4).
-5
Let i(f) = -f*